{"version":"1.0","provider_name":"Parrocchia San Giuseppe Carpi","provider_url":"https:\/\/www.sangiuseppecarpi.it","author_name":"Admin","author_url":"https:\/\/www.sangiuseppecarpi.it\/index.php\/author\/paola\/","title":"07 maggio 2026 - L'italia delle povert\u00e0.. - Parrocchia San Giuseppe Carpi","type":"rich","width":600,"height":338,"html":"<blockquote class=\"wp-embedded-content\" data-secret=\"mnCgXHKp7x\"><a href=\"https:\/\/www.sangiuseppecarpi.it\/index.php\/2026\/04\/25\/07-maggio-2026-litalia-delle-poverta\/\">07 maggio 2026 &#8211; L&#8217;italia delle povert\u00e0..<\/a><\/blockquote><iframe sandbox=\"allow-scripts\" security=\"restricted\" src=\"https:\/\/www.sangiuseppecarpi.it\/index.php\/2026\/04\/25\/07-maggio-2026-litalia-delle-poverta\/embed\/#?secret=mnCgXHKp7x\" width=\"600\" height=\"338\" title=\"&#8220;07 maggio 2026 &#8211; L&#8217;italia delle povert\u00e0..&#8221; &#8212; Parrocchia San Giuseppe Carpi\" data-secret=\"mnCgXHKp7x\" frameborder=\"0\" marginwidth=\"0\" marginheight=\"0\" scrolling=\"no\" class=\"wp-embedded-content\"><\/iframe><script>\n\/*! This file is auto-generated *\/\n!function(d,l){\"use strict\";l.querySelector&&d.addEventListener&&\"undefined\"!=typeof URL&&(d.wp=d.wp||{},d.wp.receiveEmbedMessage||(d.wp.receiveEmbedMessage=function(e){var t=e.data;if((t||t.secret||t.message||t.value)&&!\/[^a-zA-Z0-9]\/.test(t.secret)){for(var s,r,n,a=l.querySelectorAll('iframe[data-secret=\"'+t.secret+'\"]'),o=l.querySelectorAll('blockquote[data-secret=\"'+t.secret+'\"]'),c=new RegExp(\"^https?:$\",\"i\"),i=0;i<o.length;i++)o[i].style.display=\"none\";for(i=0;i<a.length;i++)s=a[i],e.source===s.contentWindow&&(s.removeAttribute(\"style\"),\"height\"===t.message?(1e3<(r=parseInt(t.value,10))?r=1e3:~~r<200&&(r=200),s.height=r):\"link\"===t.message&&(r=new URL(s.getAttribute(\"src\")),n=new URL(t.value),c.test(n.protocol))&&n.host===r.host&&l.activeElement===s&&(d.top.location.href=t.value))}},d.addEventListener(\"message\",d.wp.receiveEmbedMessage,!1),l.addEventListener(\"DOMContentLoaded\",function(){for(var e,t,s=l.querySelectorAll(\"iframe.wp-embedded-content\"),r=0;r<s.length;r++)(t=(e=s[r]).getAttribute(\"data-secret\"))||(t=Math.random().toString(36).substring(2,12),e.src+=\"#?secret=\"+t,e.setAttribute(\"data-secret\",t)),e.contentWindow.postMessage({message:\"ready\",secret:t},\"*\")},!1)))}(window,document);\n\/\/# sourceURL=https:\/\/www.sangiuseppecarpi.it\/wp-includes\/js\/wp-embed.min.js\n<\/script>\n","thumbnail_url":"https:\/\/www.sangiuseppecarpi.it\/wp-content\/uploads\/2026\/04\/2026-05-07-litalia-dele-poverta.png","thumbnail_width":754,"thumbnail_height":788,"description":"In occasione della presentazione del RAPPORTO DEI PROGETTI E DELLE ATTIVIT\u00c0 2025.. PORTA APERTA CARPI presentaL&#8217;Italia delle povert\u00e0, Dinamiche Sociali, Risposte Pubbliche e Racconto dei Media.. Gioved\u00ec 7 maggio 2026Auditorium Loria &#8211; Carpi, ore 18.30Ingresso libero, tutta la cittadinanza \u00e8 invitata.. Intervengono:Gilberto Allesina\u00a0(Presidente\u00a0Porta Aperta Carpi)..Edoardo Patriarca\u00a0(Presidente Comitato\u00a0Festival delle Migrazioni)..Antonio Russo\u00a0(portavoce\u00a0Alleanza contro la Povert\u00e0 Italia)..Don Carlo [&hellip;]"}

07 maggio 2026 - L'italia delle povertà.. - Parrocchia San Giuseppe Carpi

<blockquote class="wp-embedded-content" data-secret="mnCgXHKp7x"><a href="https://www.sangiuseppecarpi.it/index.php/2026/04/25/07-maggio-2026-litalia-delle-poverta/">07 maggio 2026 &#8211; L&#8217;italia delle povertà..</a></blockquote><iframe sandbox="allow-scripts" security="restricted" src="https://www.sangiuseppecarpi.it/index.php/2026/04/25/07-maggio-2026-litalia-delle-poverta/embed/#?secret=mnCgXHKp7x" width="600" height="338" title="&#8220;07 maggio 2026 &#8211; L&#8217;italia delle povertà..&#8221; &#8212; Parrocchia San Giuseppe Carpi" data-secret="mnCgXHKp7x" frameborder="0" marginwidth="0" marginheight="0" scrolling="no" class="wp-embedded-content"></iframe><script>
/*! This file is auto-generated */
!function(d,l){"use strict";l.querySelector&&d.addEventListener&&"undefined"!=typeof URL&&(d.wp=d.wp||{},d.wp.receiveEmbedMessage||(d.wp.receiveEmbedMessage=function(e){var t=e.data;if((t||t.secret||t.message||t.value)&&!/[^a-zA-Z0-9]/.test(t.secret)){for(var s,r,n,a=l.querySelectorAll('iframe[data-secret="'+t.secret+'"]'),o=l.querySelectorAll('blockquote[data-secret="'+t.secret+'"]'),c=new RegExp("^https?:$","i"),i=0;i<o.length;i++)o[i].style.display="none";for(i=0;i<a.length;i++)s=a[i],e.source===s.contentWindow&&(s.removeAttribute("style"),"height"===t.message?(1e3<(r=parseInt(t.value,10))?r=1e3:~~r<200&&(r=200),s.height=r):"link"===t.message&&(r=new URL(s.getAttribute("src")),n=new URL(t.value),c.test(n.protocol))&&n.host===r.host&&l.activeElement===s&&(d.top.location.href=t.value))}},d.addEventListener("message",d.wp.receiveEmbedMessage,!1),l.addEventListener("DOMContentLoaded",function(){for(var e,t,s=l.querySelectorAll("iframe.wp-embedded-content"),r=0;r<s.length;r++)(t=(e=s[r]).getAttribute("data-secret"))||(t=Math.random().toString(36).substring(2,12),e.src+="#?secret="+t,e.setAttribute("data-secret",t)),e.contentWindow.postMessage({message:"ready",secret:t},"*")},!1)))}(window,document);
//# sourceURL=https://www.sangiuseppecarpi.it/wp-includes/js/wp-embed.min.js
</script>

In occasione della presentazione del RAPPORTO DEI PROGETTI E DELLE ATTIVITÀ 2025.. PORTA APERTA CARPI presentaL&#8217;Italia delle povertà, Dinamiche Sociali, Risposte Pubbliche e Racconto dei Media.. Giovedì 7 maggio 2026Auditorium Loria &#8211; Carpi, ore 18.30Ingresso libero, tutta la cittadinanza è invitata.. Intervengono:Gilberto Allesina (Presidente Porta Aperta Carpi)..Edoardo Patriarca (Presidente Comitato Festival delle Migrazioni)..Antonio Russo (portavoce Alleanza contro la Povertà Italia)..Don Carlo [&hellip;]
